 r = 3 + 8. What is the highest common factor of 286 and r?
11
Suppose 2*k + 2*j - 84 - 96 = 0, -2*j = 3*k - 265. Calculate the highest common divisor of k and 731.
17
Suppose 484*p - 477*p - 161 = 0. What is the highest common factor of 575 and p?
23
Suppose 10*y + f + 16 = 119, -3*y = 3*f - 39. What is the highest common divisor of 35 and y?
5
Let h(j) = -21*j - 70. Let w be h(-6). Calculate the highest common factor of 80 and w.
8
Suppose -3*i = y - 49, -13*i - 165 = -3*y - 16*i. Calculate the greatest common factor of y and 377.
29
Suppose 2*z - 3 = -z. Suppose -2*q - z + 37 = 0. Let a = q + -11. Calculate the greatest common divisor of a and 21.
7
Let q be 1477/42 + (-3)/18. Let f be (-1696)/(-24) + (-14)/21. Calculate the highest common factor of f and q.
35
Let v be -3 + 141 + 3*(-8)/12. Calculate the highest common divisor of 32 and v.
8
Suppose 3 + 1 = 2*f. Suppose -3*b + 16 = -2*s, f*s + 3*b + 4 + 0 = 0. Let o = 10 + s. What is the greatest common factor of o and 45?
5
Suppose 0 = 7*h - 22 - 20. Let d = -22 + 46. Calculate the highest common factor of d and h.
6
Let a = 1649 + -1534. Suppose -5*i = 4*u - 56 - 47, -5*i + 106 = 3*u. What is the greatest common factor of i and a?
23
Suppose -5*n + 4*n = 6. Let w = n + -102. Let a be (w/42)/((-9)/84). Calculate the greatest common factor of a and 6.
6
Let c be 8*(-35)/(-56) - -1895. What is the greatest common divisor of 38 and c?
38
Suppose 4*j - 51 = -11. What is the highest common factor of 290 and j?
10
Suppose 4*y - 14 - 86 = -3*i, -5*y - 2*i = -118. Let r(p) = p**3 + 3*p**2 - 4*p - 4. Let w be r(5). Calculate the greatest common factor of y and w.
22
Let h = 26 + -24. Let n be (-3)/h*(-28 + -20). Calculate the greatest common divisor of n and 9.
9
Suppose 90 = w - 596. Suppose -6*o + w = 8*o. Calculate the greatest common factor of 7 and o.
7
Suppose 73*g - 7677 - 64301 = 0. What is the greatest common divisor of g and 34?
34
Suppose 5*v + 617 = 732. Calculate the greatest common factor of v and 184.
23
Let l(g) = g**2 + 4*g - 32. Let h(r) = -3*r**2 - 11*r + 97. Let f(c) = 4*h(c) + 11*l(c). Let x be f(0). What is the greatest common divisor of x and 48?
12
Suppose f - 4 = -2*g, 5*f = -3*g - 0*g + 34. Suppose 2*m = -2*d + 5*d - 20, 5*d - 8 = -3*m. What is the greatest common divisor of d and f?
4
Let f(a) = 15*a**2 + 5*a - 4. Let m be f(1). Calculate the highest common factor of 216 and m.
8
Suppose 97*p - 2200 = 86*p. What is the greatest common factor of p and 160?
40
Let x = 319 - 189. What is the highest common divisor of x and 325?
65
Let g = 1 - 3. Let k be (-6)/(-8)*(g - -6). Suppose -4*d - j = -7, -7 = -k*d + 3*j - 2*j. What is the greatest common divisor of 3 and d?
1
Let t = 331 + -286. What is the highest common divisor of t and 30?
15
Suppose 1 = -2*p + 9. Let g(a) = -2*a**2 + 6*a + 8. Let k be g(p). Suppose k = 5*c - 0*c - 80. Calculate the highest common divisor of c and 48.
16
Let b = -84 + 125. Let r = 1 - -4. Suppose -184 = -r*j + b. What is the greatest common factor of j and 5?
5
Let b = 910 - 904. Calculate the highest common divisor of b and 141.
3
Suppose 2*o - 8*f = -5*f + 145, 2*o = -2*f + 160. What is the greatest common factor of o and 70?
7
Let t(n) = 33*n**3 + n**2 - 2. Let o be t(2). What is the greatest common factor of o and 76?
38
Let d be (8/(-10))/((-2)/20). Let k = 37 - 26. Suppose -k = o + 3*l, -4*l - 5 = -3*l. Calculate the highest common divisor of o and d.
4
Let k be (3/2)/((-198)/(-122892)). What is the highest common divisor of 196 and k?
49
Let v = -8 - -14. Let t be 3 + ((-4)/16)/(3/(-24)). Suppose t*x = 20 + 10. Calculate the greatest common factor of x and v.
6
Let q = 160 - 123. Let w = 58 - q. What is the greatest common factor of w and 6?
3
Let y be (243/6)/(-9)*70/(-21). Suppose -963 = -5*b - 138. What is the highest common factor of b and y?
15
Suppose 0 = 2*z - 3*z - 3*n + 4, 0 = -3*z + 4*n + 51. Calculate the greatest common divisor of z and 13.
13
Suppose 3*r - 3 - 6 = 0. Suppose -o + 12 = -r*m, -5*m - 17 = 2*o + 3. Suppose o*d + 75 = 5*d. What is the highest common factor of d and 3?
3
Suppose 0 = 2*i - 300 - 264. Let s = -194 + i. What is the highest common factor of 11 and s?
11
Suppose 4*j + 4*p - 295 = -83, p = 3*j - 147. Calculate the highest common factor of 950 and j.
50
Let y(n) = -2*n + 14. Let s be y(0). Suppose 0 = 5*v + 2*r - 16, 5*r - 6*r = -4*v + 5. What is the greatest common divisor of s and v?
2
Suppose 20*l = 74*l - 3510. What is the highest common factor of l and 377?
13
Let n be (-129)/(-15) - (-1 - (-12)/20). Calculate the highest common divisor of 9 and n.
9
Suppose -2*z = -0*z - 102. Suppose 5*k - 85 = -3*o, k - 4*k + z = -2*o. What is the greatest common divisor of 153 and k?
17
Let n be ((0 - 0)/(-1 - -2))/1. Suppose -o + n + 36 = 0. Calculate the highest common divisor of 18 and o.
18
Let s be 938/9 + (-6)/27. What is the highest common divisor of 56 and s?
8
Suppose -3*c = 4*t - 54, 2*t - 23 = -c - 3. Let r(s) = -21*s + 1. Let k be r(1). Let q = 27 + k. Calculate the highest common divisor of c and q.
7
Suppose -3*x - 3*o + 291 = 0, 2*x + 2*o - 382 = -2*x. What is the greatest common divisor of x and 329?
47
Let p be ((-18)/4)/(-1)*2. Suppose -5*j = 2*g - p - 5, -2*g + 6 = 3*j. What is the greatest common factor of j and 64?
4
Suppose 5*v + 75 = 205. Suppose -2*g - 11 = -15. Suppose 0 = 2*a + 6, g*n - 138 = 3*a + 287. What is the highest common divisor of n and v?
26
Suppose -3*b - 2*y + 11 = 0, b = -y - y - 3. Let n be 12/(-2)*4/8. Let d(k) = 3*k**2 + k + 4. Let p be d(n). What is the highest common factor of b and p?
7
Suppose h = -2*k - k - 7, 5*h - 4*k - 41 = 0. Suppose h*s - 85 = 85. Let c be (-9360)/(-108) + 10/(-6). Calculate the highest common divisor of c and s.
17
Let r(f) = f**2 + f + 3. Let m be r(6). Let l(z) = 25*z - 145. Let q be l(6). Calculate the greatest common divisor of m and q.
5
Let k(u) = u + 20. Let i be k(-8). Suppose -2*x = -4, -6*x = -b - 4*x + 140. What is the greatest common factor of i and b?
12
Suppose -25 + 76 = 17*z. Calculate the greatest common factor of 69 and z.
3
Let n = -595 + 1068. Calculate the highest common factor of 11 and n.
11
Suppose -1602 = -5*z - 5*k - 32, -616 = -2*z + k. Calculate the highest common factor of 20 and z.
10
Let z(x) = -2*x**3 - 45*x**2 + 12*x - 94. Let h be z(-23). Calculate the greatest common factor of h and 371.
53
Let i be (-2 + (-10)/(-8))*-4. Suppose -i*r + 56 = -7. Calculate the highest common factor of 189 and r.
21
Suppose 5*r - 4*d = -14, 6 = -0*r - 2*r + 2*d. Let n be 63*(r/(-3))/2. Let x(b) = -b - 1. Let v be x(-8). Calculate the highest common divisor of v and n.
7
Let f(g) = 1 - 2*g**2 - 2*g - g**3 + 0*g**3 - 4. Let r be f(-3). Suppose -6*t + 18 + 6 = 0. Calculate the greatest common factor of r and t.
4
Suppose 3*g + 3 = -0, -5*v = 3*g - 217. Let m(c) = c**3 + 16*c**2 - 22*c + 25. Let h be m(-17). What is the greatest common factor of v and h?
22
Suppose 560 = 5*g + 3*t - 34, -2*g - 5*t = -249. Calculate the greatest common divisor of g and 26.
13
Let v(z) = -8*z**2 + 0*z**2 + 7*z**2 + 0*z**2 + 13*z - 16. Let i be v(7). Calculate the highest common divisor of i and 130.
26
Let h be ((-915)/(-610))/(0 + 2/76). What is the highest common factor of h and 57?
57
Suppose 5*a = -12*a + 1428. What is the greatest common factor of 98 and a?
14
Let a = 1305 - 1164. Calculate the highest common factor of a and 3.
3
Let n(d) = -d - 5. Let g be n(-5). Suppose g = -3*k + 6*k - 39. Let u(b) = 3*b - 18. Let v be u(k). Calculate the highest common factor of v and 7.
7
Suppose 3*k - 6*k = -198. Let o be 0 + (-8 - -6) - -8*1. Calculate the greatest common factor of o and k.
6
Let d = 1236 - 826. Calculate the highest common divisor of d and 10.
10
Let u = -4 + -7. Let c(b) = 3*b + 3. Let w be c(4). Let g = u + w. What is the highest common divisor of 1 and g?
1
Suppose 8*u - 3*u + 20 = 0. Let c be -2*(u + 3) - -40. What is the highest common factor of 105 and c?
21
Let b be (-10*4/4)/(-2). Let i = b - -20. Calculate the highest common factor of 25 and i.
25
Suppose 3*k - 1728 = -k. Suppose 5*g = l + 720, 5*g + 2*l = 2*g + k. What is the greatest common divisor of 6 and g?
6
Suppose 5*i + 4*p - 753 - 22 = 0, 323 = 2*i - p. Calculate the